ue
Is 59 a factor of 2360?
True
Is 5 a factor of 1116?
False
Does 44 divide 1628?
True
Is 2243 a multiple of 73?
False
Does 26 divide 2834?
True
Is 4700 a multiple of 20?
True
Does 87 divide 1255?
False
Is 3311 a multiple of 77?
True
Does 10 divide 85?
False
Is 20 a factor of 760?
True
Is 37 a factor of 3145?
True
Does 18 divide 3471?
False
Is 39468 a multiple of 172?
False
Is 8020 a multiple of 28?
False
Does 18 divide 396?
True
Is 84 a factor of 15720?
False
Is 50 a factor of 685?
False
Does 123 divide 61500?
True
Is 489 a multiple of 6?
False
Does 47 divide 29429?
False
Is 225 a multiple of 5?
True
Is 9342 a multiple of 23?
False
Is 4282 a multiple of 7?
False
Is 687 a multiple of 5?
False
Does 56 divide 15064?
True
Is 708 a multiple of 59?
True
Does 184 divide 46798?
False
Does 18 divide 4298?
False
Is 55 a factor of 21175?
True
Is 284 a multiple of 28?
False
Does 8 divide 12360?
True
Does 6 divide 3918?
True
Is 69 a factor of 8445?
False
Does 100 divide 5900?
True
Is 25 a factor of 20283?
False
Is 49 a factor of 343?
True
Does 17 divide 21959?
False
Is 57204 a multiple of 14?
True
Is 154 a factor of 3729?
False
Is 5978 a multiple of 122?
True
Is 87071 a multiple of 483?
False
Is 16173 a multiple of 10?
False
Is 913 a multiple of 11?
True
Is 14 a factor of 155?
False
Does 33 divide 3135?
True
Is 39 a factor of 14664?
True
Is 45310 a multiple of 99?
False
Does 67 divide 2412?
True
Is 122 a factor of 8540?
True
Is 101388 a multiple of 28?
True
Is 72 a factor of 648?
True
Is 17 a factor of 289?
True
Is 1258 a multiple of 37?
True
Does 113 divide 16922?
False
Does 230 divide 35072?
False
Does 42 divide 4366?
False
Does 29 divide 21853?
False
Does 5 divide 65?
True
Is 95 a factor of 3800?
True
Is 78995 a multiple of 185?
True
Is 9 a factor of 145?
False
Is 20 a factor of 5180?
True
Does 155 divide 92330?
False
Does 9 divide 351?
True
Is 2646 a multiple of 54?
True
Is 40592 a multiple of 11?
False
Is 17 a factor of 1248?
False
Is 14 a factor of 5199?
False
Is 5 a factor of 356?
False
Is 1497 a multiple of 43?
False
Is 2326 a multiple of 7?
False
Is 22460 a multiple of 172?
False
Is 4623 a multiple of 23?
True
Is 43 a factor of 559?
True
Does 25 divide 3325?
True
Does 18 divide 4248?
True
Does 32 divide 3136?
True
Is 612 a multiple of 12?
True
Is 4 a factor of 131?
False
Is 14817 a multiple of 11?
True
Is 16 a factor of 1887?
False
Does 121 divide 11253?
True
Is 490 a multiple of 35?
True
Is 7433 a multiple of 2?
False
Does 9 divide 208?
False
Does 110 divide 990?
True
Is 408 a multiple of 3?
True
Does 19 divide 551?
True
Is 9 a factor of 3069?
True
Is 1551 a multiple of 47?
True
Does 32 divide 123?
False
Does 95 divide 6840?
True
Is 954 a multiple of 24?
False
Does 51 divide 1020?
True
Is 12 a factor of 18?
False
Is 156 a factor of 4368?
True
Does 19 divide 1653?
True
Does 11 divide 11286?
True
Is 10526 a multiple of 38?
True
Is 59 a factor of 8024?
True
Is 5947 a multiple of 23?
False
Does 6 divide 150?
True
Is 4158 a multiple of 154?
True
Is 27 a factor of 459?
True
Is 9 a factor of 386?
False
Does 12 divide 806?
False
Is 6228 a multiple of 12?
True
Is 188 a factor of 11844?
True
Does 23 divide 713?
True
Does 7 divide 1130?
False
Is 11 a factor of 17408?
False
Does 60 divide 3347?
False
Does 298 divide 28608?
True
Is 1080 a multiple of 6?
True
Is 11 a factor of 158?
False
Is 6 a factor of 6779?
False
Does 91 divide 60424?
True
Does 82 divide 20336?
True
Does 92 divide 749?
False
Does 38 divide 1485?
False
Does 3 divide 13?
False
Is 3 a factor of 132?
True
Does 13 divide 254?
False
Does 25 divide 36484?
False
Is 34 a factor of 204?
True
Does 80 divide 204?
False
Is 4 a factor of 1554?
False
Is 20 a factor of 988?
False
Is 3720 a multiple of 155?
True
Is 123 a factor of 123?
True
Is 278 a multiple of 46?
False
Is 85439 a multiple of 195?
False
Is 3499 a multiple of 22?
False
Is 18 a factor of 11826?
True
Does 18 divide 155?
False
Is 4 a factor of 1780?
True
Does 8 divide 768?
True
Is 79 a factor of 8463?
False
Is 68 a factor of 5372?
True
Does 93 divide 8649?
True
Is 1175 a multiple of 7?
False
Is 1298 a multiple of 22?
True
Does 10 divide 17430?
True
Is 3 a factor of 62?
False
Is 6776 a multiple of 56?
True
Is 60576 a multiple of 181?
False
Is 2 a factor of 14?
True
Is 67496 a multiple of 17?
False
Is 15 a factor of 19471?
False
Does 13 divide 130657?
False
Does 74 divide 1143?
False
Does 46 divide 46?
True
Is 89 a factor of 8447?
False
Does 133 divide 24024?
False
Is 6046 a multiple of 71?
False
Is 126 a factor of 12726?
True
Is 2384 a multiple of 4?
True
Does 47 divide 52170?
True
Does 60 divide 2160?
True
Is 1592 a multiple of 16?
False
Is 7015 a multiple of 61?
True
Is 19 a factor of 684?
True
Is 5718 a multiple of 9?
False
Is 6218 a multiple of 34?
False
Is 52 a factor of 1144?
True
Does 42 divide 66311?
False
Is 607 a multiple of 18?
False
Is 3444 a multiple of 41?
True
Is 8955 a multiple of 45?
True
Is 8 a factor of 672?
True
Is 9787 a multiple of 8?
False
Does 29 divide 2995?
False
Does 70 divide 3570?
True
Is 15 a factor of 2130?
True
Is 19010 a multiple of 44?
False
Is 4524 a multiple of 11?
False
Does 16 divide 43?
False
Is 30520 a multiple of 218?
True
Is 5096 a multiple of 13?
True
Does 9 divide 24874?
False
Does 112 divide 18144?
True
Is 23 a factor of 11684?
True
Is 3 a factor of 582?
True
Does 10 divide 22750?
True
Is 78281 a multiple of 13?
False
Is 5 a factor of 967?
False
Does 4 divide 444?
True
Is 1962 a multiple of 6?
True
Is 4660 a multiple of 9?
False
Is 29 a factor of 17458?
True
Is 9798 a multiple of 6?
True
Is 14 a factor of 1606?
False
Does 25 divide 11175?
True
Does 27 divide 847?
False
Is 656 a multiple of 10?
False
Is 5 a factor of 300?
True
Does 12 divide 808?
False
Is 8 a factor of 19372?
False
Is 50 a factor of 9300?
True
Is 96 a factor of 96?
True
Is 998 a multiple of 14?
False
Is 45 a factor of 30279?
False
Is 56825 a multiple of 5?
True
Is 15 a factor of 615?
True
Is 4470 a multiple of 6?
True
Does 12 divide 276?
True
Is 240 a multiple of 12?
True
Is 13 a multiple of 9?
False
Does 49 divide 1715?
True
Does 44 divide 1716?
True
Is 65952 a multiple of 48?
True
Is 11 a factor of 121?
True
Does 215 divide 1560?
False
Does 72 divide 432?
True
Is 6068 a multiple of 7?
False
Does 13 divide 546?
True
Is 17 a factor of 15462?
False
Is 4 a factor of 24?
True
Is 12 a factor of 20796?
True
Is 6919 a multiple of 37?
True
Is 11 a factor of 20731?
False
Is 96 a factor of 18711?
False
Does 21 divide 39243?
False
Is 189 a multiple of 9?
True
Is 85 a factor of 8245?
True
Is 1322 a multiple of 6?
False
Is 19 a factor of 2774?
True
Is 4800 a multiple of 36?
False
Is 31244 a multiple of 99?
False
Is 127 a multiple of 39?
False
Is 11461 a multiple of 16?
False
Is 87615 a multiple of 397?
False
Is 4385 a multiple of 5?
True
Does 100 divide 68288?
False
Does 138 divide 67640?
False
Is 1888 a multiple of 59?
True
Does 73 divide 5621?
True
Is 11 a factor of 209?
True
Does 12 divide 8360?
False
Does 31 divide 326?
False
Is 11846 a multiple of 20?
False
Does 26 divide 2158?
True
Does 13 divide 24869?
True
Is 20 a factor of 1260?
True
Is 17 a factor of 3659?
False
Is 6 a factor of 331?
False
Is 15 a factor of 5488?
False
Does 58 divide 640?
False
Is 85 even?
False
Is 16 a factor of 1184?
True
Does 31 divide 2170?
True
Does 23 divide 283?
False
Is 342 a multiple of 100?
False
Is 4960 a multiple of 20?
True
Does 3 divide 110?
False
Does 45 divide 6300?
True
Is 12734 a multiple of 7?
False
Is 18 a factor of 4164?
False
Is 44 a factor of 47?
False
Is 13 a factor of 968?
False
Is 1671 a multiple of 54?
False
Does 3 divide 6987?
True
Is 4 a factor of 256?
True
Is 501 a multiple of 21?
False
Is 2635 a multiple of 31?
True
Is 775 a multiple of 22?
False
Is 21042 a multiple of 21?
True
Is 162 a factor of 30992?
False
Is 5 a factor of 12335?
True
Does 3 divide 5716?
False
Is 124 a factor of 163?
False
Is 101 a multiple of 3?
False
Is 60 a factor of 6713?
False
Is 5 a factor of 2760?
True
Is 11 a factor of 652?
False
Does 25 divide 375?
True
Is 44231 a multiple of 44?
False
Is 2147 a multiple of 93?
False
Does 4 divide 13?
False
Does 50 divide 1322?
False
Is 363 a multiple of 11?
True
Is 15 a factor of 730?
False
Is 114 a multiple of 3?
True
D